[INFO] fetching crate gluon_language-server 0.18.0...
[INFO] checking gluon_language-server-0.18.0 against master#e6e4f7ed1589e03bc2f6c5931c1a72e7947e8682 for beta-170-4
[INFO] extracting crate gluon_language-server 0.18.0 into /workspace/builds/worker-3-tc2/source
[INFO] validating manifest of crates.io crate gluon_language-server 0.18.0 on toolchain e6e4f7ed1589e03bc2f6c5931c1a72e7947e8682
[INFO] running `Command { std: CARGO_HOME="/workspace/cargo-home" RUSTUP_HOME="/workspace/rustup-home" "/workspace/cargo-home/bin/cargo" "+e6e4f7ed1589e03bc2f6c5931c1a72e7947e8682" "metadata" "--manifest-path" "Cargo.toml" "--no-deps", kill_on_drop: false }`
[INFO] started tweaking crates.io crate gluon_language-server 0.18.0
[INFO] finished tweaking crates.io crate gluon_language-server 0.18.0
[INFO] tweaked toml for crates.io crate gluon_language-server 0.18.0 written to /workspace/builds/worker-3-tc2/source/Cargo.toml
[INFO] crate crates.io crate gluon_language-server 0.18.0 already has a lockfile, it will not be regenerated
[INFO] running `Command { std: CARGO_HOME="/workspace/cargo-home" RUSTUP_HOME="/workspace/rustup-home" "/workspace/cargo-home/bin/cargo" "+e6e4f7ed1589e03bc2f6c5931c1a72e7947e8682" "fetch" "--manifest-path" "Cargo.toml", kill_on_drop: false }`
[INFO] running `Command { std: "docker" "create" "-v" "/var/lib/crater-agent-workspace/builds/worker-3-tc2/target:/opt/rustwide/target:rw,Z" "-v" "/var/lib/crater-agent-workspace/builds/worker-3-tc2/source:/opt/rustwide/workdir:ro,Z" "-v" "/var/lib/crater-agent-workspace/cargo-home:/opt/rustwide/cargo-home:ro,Z" "-v" "/var/lib/crater-agent-workspace/rustup-home:/opt/rustwide/rustup-home:ro,Z" "-e" "SOURCE_DIR=/opt/rustwide/workdir" "-e" "CARGO_TARGET_DIR=/opt/rustwide/target" "-e" "CARGO_HOME=/opt/rustwide/cargo-home" "-e" "RUSTUP_HOME=/opt/rustwide/rustup-home" "-w" "/opt/rustwide/workdir" "-m" "1610612736" "--user" "0:0" "--network" "none" "ghcr.io/rust-lang/crates-build-env/linux@sha256:19e73879b68f455e41552ea35293514db52ea292d993f571636dbffedb77a1ee" "/opt/rustwide/cargo-home/bin/cargo" "+e6e4f7ed1589e03bc2f6c5931c1a72e7947e8682" "metadata" "--no-deps" "--format-version=1", kill_on_drop: false }`
[INFO] [stdout] 8f3e80f41d1680ecef4b6a0934ff255af41783a2b6c8b138a42ef2ea9d73094a
[INFO] running `Command { std: "docker" "start" "-a" "8f3e80f41d1680ecef4b6a0934ff255af41783a2b6c8b138a42ef2ea9d73094a", kill_on_drop: false }`
[INFO] running `Command { std: "docker" "inspect" "8f3e80f41d1680ecef4b6a0934ff255af41783a2b6c8b138a42ef2ea9d73094a", kill_on_drop: false }`
[INFO] running `Command { std: "docker" "rm" "-f" "8f3e80f41d1680ecef4b6a0934ff255af41783a2b6c8b138a42ef2ea9d73094a", kill_on_drop: false }`
[INFO] [stdout] 8f3e80f41d1680ecef4b6a0934ff255af41783a2b6c8b138a42ef2ea9d73094a
[INFO] running `Command { std: "docker" "create" "-v" "/var/lib/crater-agent-workspace/builds/worker-3-tc2/target:/opt/rustwide/target:rw,Z" "-v" "/var/lib/crater-agent-workspace/builds/worker-3-tc2/source:/opt/rustwide/workdir:ro,Z" "-v" "/var/lib/crater-agent-workspace/cargo-home:/opt/rustwide/cargo-home:ro,Z" "-v" "/var/lib/crater-agent-workspace/rustup-home:/opt/rustwide/rustup-home:ro,Z" "-e" "SOURCE_DIR=/opt/rustwide/workdir" "-e" "CARGO_TARGET_DIR=/opt/rustwide/target" "-e" "CARGO_INCREMENTAL=0" "-e" "RUST_BACKTRACE=full" "-e" "RUSTFLAGS=--cap-lints=forbid" "-e" "RUSTDOCFLAGS=--cap-lints=forbid" "-e" "CARGO_HOME=/opt/rustwide/cargo-home" "-e" "RUSTUP_HOME=/opt/rustwide/rustup-home" "-w" "/opt/rustwide/workdir" "-m" "1610612736" "--user" "0:0" "--network" "none" "ghcr.io/rust-lang/crates-build-env/linux@sha256:19e73879b68f455e41552ea35293514db52ea292d993f571636dbffedb77a1ee" "/opt/rustwide/cargo-home/bin/cargo" "+e6e4f7ed1589e03bc2f6c5931c1a72e7947e8682" "check" "--frozen" "--all" "--all-targets" "--message-format=json", kill_on_drop: false }`
[INFO] [stdout] 8cc84b8765903618db6becf32aeb8d0bfa2bc15365fa1f409e2a0234aac84065
[INFO] running `Command { std: "docker" "start" "-a" "8cc84b8765903618db6becf32aeb8d0bfa2bc15365fa1f409e2a0234aac84065", kill_on_drop: false }`
[INFO] [stderr]    Compiling libc v0.2.103
[INFO] [stderr]    Compiling unicode-xid v0.2.2
[INFO] [stderr]    Compiling proc-macro2 v1.0.29
[INFO] [stderr]    Compiling syn v1.0.78
[INFO] [stderr]    Compiling memchr v2.4.1
[INFO] [stderr]    Compiling serde_derive v1.0.130
[INFO] [stderr]    Compiling log v0.4.14
[INFO] [stderr]    Compiling serde v1.0.130
[INFO] [stderr]    Compiling version_check v0.9.3
[INFO] [stderr]     Checking once_cell v1.8.0
[INFO] [stderr]    Compiling num-traits v0.2.14
[INFO] [stderr]     Checking smallvec v1.7.0
[INFO] [stderr]    Compiling ahash v0.7.4
[INFO] [stderr]     Checking pin-project-lite v0.2.7
[INFO] [stderr]    Compiling ryu v1.0.5
[INFO] [stderr]    Compiling futures-core v0.3.17
[INFO] [stderr]    Compiling indexmap v1.7.0
[INFO] [stderr]    Compiling serde_json v1.0.68
[INFO] [stderr]     Checking unicode-width v0.1.9
[INFO] [stderr]    Compiling quote v1.0.9
[INFO] [stderr]    Compiling serde_derive_state v0.4.10
[INFO] [stderr]     Checking getrandom v0.2.3
[INFO] [stderr]    Compiling aho-corasick v0.7.18
[INFO] [stderr]    Compiling parking_lot_core v0.8.5
[INFO] [stderr]    Compiling regex-syntax v0.6.25
[INFO] [stderr]     Checking hashbrown v0.11.2
[INFO] [stderr]    Compiling futures-macro v0.3.17
[INFO] [stderr]     Checking instant v0.1.11
[INFO] [stderr]    Compiling futures-task v0.3.17
[INFO] [stderr]     Checking itoa v0.4.8
[INFO] [stderr]    Compiling proc-macro-nested v0.1.7
[INFO] [stderr]    Compiling futures-channel v0.3.17
[INFO] [stderr]     Checking futures-sink v0.3.17
[INFO] [stderr]     Checking lock_api v0.4.5
[INFO] [stderr]    Compiling futures-util v0.3.17
[INFO] [stderr]    Compiling cc v1.0.70
[INFO] [stderr]     Checking bytes v1.1.0
[INFO] [stderr]    Compiling either v1.6.1
[INFO] [stderr]    Compiling pkg-config v0.3.20
[INFO] [stderr]    Compiling itertools v0.10.1
[INFO] [stderr]     Checking parking_lot v0.11.2
[INFO] [stderr]    Compiling dirs-sys-next v0.1.2
[INFO] [stderr]     Checking pin-utils v0.1.0
[INFO] [stderr]     Checking arrayvec v0.5.2
[INFO] [stderr]     Checking typed-arena v2.0.1
[INFO] [stderr]    Compiling crunchy v0.2.2
[INFO] [stderr]     Checking futures-io v0.3.17
[INFO] [stderr]     Checking slab v0.4.4
[INFO] [stderr]     Checking pretty v0.10.0
[INFO] [stderr]    Compiling dirs-next v2.0.0
[INFO] [stderr]    Compiling openssl-sys v0.9.67
[INFO] [stderr]    Compiling tokio v1.12.0
[INFO] [stderr]     Checking quick-error v2.0.1
[INFO] [stderr]    Compiling siphasher v0.3.7
[INFO] [stderr]     Checking ordered-float v2.8.0
[INFO] [stderr]    Compiling regex v1.5.4
[INFO] [stderr]    Compiling tiny-keccak v2.0.2
[INFO] [stderr]     Checking collect-mac v0.1.0
[INFO] [stderr]     Checking anymap v0.12.1
[INFO] [stderr]    Compiling phf_shared v0.8.0
[INFO] [stderr]    Compiling term v0.7.0
[INFO] [stderr]     Checking mio v0.7.13
[INFO] [stderr]     Checking num_cpus v1.13.0
[INFO] [stderr]     Checking signal-hook-registry v1.4.0
[INFO] [stderr]    Compiling new_debug_unreachable v1.0.4
[INFO] [stderr]    Compiling bit-vec v0.6.3
[INFO] [stderr]    Compiling precomputed-hash v0.1.1
[INFO] [stderr]    Compiling fixedbitset v0.2.0
[INFO] [stderr]    Compiling termcolor v1.1.2
[INFO] [stderr]    Compiling bit-set v0.5.2
[INFO] [stderr]    Compiling petgraph v0.5.1
[INFO] [stderr]    Compiling string_cache v0.8.1
[INFO] [stderr]     Checking tinyvec v1.5.0
[INFO] [stderr]    Compiling ascii-canvas v3.0.0
[INFO] [stderr]    Compiling ena v0.14.0
[INFO] [stderr]    Compiling lalrpop-util v0.19.6
[INFO] [stderr]    Compiling atty v0.2.14
[INFO] [stderr]    Compiling pico-args v0.4.2
[INFO] [stderr]    Compiling openssl v0.10.36
[INFO] [stderr]     Checking matches v0.1.9
[INFO] [stderr]    Compiling diff v0.1.12
[INFO] [stderr]     Checking static_assertions v1.1.0
[INFO] [stderr]     Checking foreign-types-shared v0.1.1
[INFO] [stderr]     Checking foreign-types v0.3.2
[INFO] [stderr]     Checking archery v0.4.0
[INFO] [stderr]    Compiling lalrpop v0.19.6
[INFO] [stderr]     Checking unicode-normalization v0.1.19
[INFO] [stderr]     Checking rand_core v0.6.3
[INFO] [stderr]    Compiling crossbeam-utils v0.7.2
[INFO] [stderr]     Checking unicode-bidi v0.3.6
[INFO] [stderr]    Compiling bitflags v1.3.2
[INFO] [stderr]    Compiling unicode-segmentation v1.8.0
[INFO] [stderr]    Compiling native-tls v0.2.8
[INFO] [stderr]    Compiling vec_map v0.8.2
[INFO] [stderr]    Compiling fnv v1.0.7
[INFO] [stderr]    Compiling crossbeam-utils v0.8.5
[INFO] [stderr]    Compiling httparse v1.5.1
[INFO] [stderr]    Compiling async-trait v0.1.51
[INFO] [stderr]    Compiling same-file v1.0.6
[INFO] [stderr]     Checking form_urlencoded v1.0.1
[INFO] [stderr]    Compiling heck v0.3.3
[INFO] [stderr]    Compiling walkdir v2.3.2
[INFO] [stderr]     Checking idna v0.2.3
[INFO] [stderr]     Checking rpds v0.10.0
[INFO] [stderr]    Compiling Inflector v0.11.4
[INFO] [stderr]     Checking tracing-core v0.1.21
[INFO] [stderr]     Checking http v0.2.5
[INFO] [stderr]     Checking openssl-probe v0.1.4
[INFO] [stderr]     Checking try-lock v0.2.3
[INFO] [stderr]     Checking ppv-lite86 v0.2.10
[INFO] [stderr]     Checking fixedbitset v0.4.0
[INFO] [stderr]    Compiling gluon_vm v0.18.0
[INFO] [stderr]     Checking petgraph v0.6.0
[INFO] [stderr]     Checking rand_chacha v0.3.1
[INFO] [stderr]     Checking want v0.3.0
[INFO] [stderr]     Checking tracing v0.1.28
[INFO] [stderr]     Checking socket2 v0.4.2
[INFO] [stderr]     Checking oorandom v11.1.3
[INFO] [stderr]    Compiling anyhow v1.0.44
[INFO] [stderr]     Checking frunk_core v0.4.0
[INFO] [stderr]     Checking pin-project-lite v0.1.12
[INFO] [stderr]     Checking downcast-rs v1.2.0
[INFO] [stderr]     Checking bytes v0.5.6
[INFO] [stderr]    Compiling gluon_codegen v0.18.0
[INFO] [stderr]    Compiling tokio-macros v1.4.1
[INFO] [stderr]    Compiling serde_repr v0.1.7
[INFO] [stderr]     Checking http-body v0.4.3
[INFO] [stderr]    Compiling gluon-salsa-macros v0.15.2
[INFO] [stderr]     Checking tower-service v0.3.1
[INFO] [stderr]     Checking rustc-hash v1.1.0
[INFO] [stderr]     Checking httpdate v1.0.1
[INFO] [stderr]     Checking tokio v0.2.25
[INFO] [stderr]     Checking rand v0.8.4
[INFO] [stderr]     Checking rand_xorshift v0.3.0
[INFO] [stderr]     Checking textwrap v0.11.0
[INFO] [stderr]    Compiling gluon_language-server v0.18.0 (/opt/rustwide/workdir)
[INFO] [stderr]     Checking humantime v2.1.0
[INFO] [stderr]     Checking clap v2.33.3
[INFO] [stderr]     Checking env_logger v0.9.0
[INFO] [stderr]     Checking async-pipe v0.1.3
[INFO] [stderr]     Checking combine v4.6.1
[INFO] [stderr]     Checking ansi_term v0.12.1
[INFO] [stderr]     Checking pretty_assertions v1.0.0
[INFO] [stderr]     Checking futures-executor v0.3.17
[INFO] [stderr]     Checking futures v0.3.17
[INFO] [stderr]     Checking gluon-salsa v0.15.2
[INFO] [stdout] error[E0491]: in type `&mut QueryTable<'me, Q, <Q as AsyncQueryFunction<'_, 'me>>::SendDb>`, reference has a longer lifetime than the data it references
[INFO] [stdout]    --> /opt/rustwide/cargo-home/registry/src/index.crates.io-6f17d22bba15001f/gluon-salsa-0.15.2/src/lib.rs:696:28
[INFO] [stdout]     |
[INFO] [stdout] 696 |     pub async fn get_async(&mut self, key: Q::Key) -> Q::Value {
[INFO] [stdout]     |                            ^^^^^^^^^
[INFO] [stdout]     |
[INFO] [stdout] note: the pointer is valid for the anonymous lifetime defined here
[INFO] [stdout]    --> /opt/rustwide/cargo-home/registry/src/index.crates.io-6f17d22bba15001f/gluon-salsa-0.15.2/src/lib.rs:696:28
[INFO] [stdout]     |
[INFO] [stdout] 696 |     pub async fn get_async(&mut self, key: Q::Key) -> Q::Value {
[INFO] [stdout]     |                            ^^^^^^^^^
[INFO] [stdout] note: but the referenced data is only valid for the lifetime `'me` as defined here
[INFO] [stdout]    --> /opt/rustwide/cargo-home/registry/src/index.crates.io-6f17d22bba15001f/gluon-salsa-0.15.2/src/lib.rs:684:6
[INFO] [stdout]     |
[INFO] [stdout] 684 | impl<'me, Q> QueryTable<'me, Q, <Q as QueryDb<'me>>::Db>
[INFO] [stdout]     |      ^^^
[INFO] [stdout] 
[INFO] [stdout] 
[INFO] [stdout] error[E0491]: in type `&mut QueryTable<'me, Q, <Q as AsyncQueryFunction<'_, 'me>>::SendDb>`, reference has a longer lifetime than the data it references
[INFO] [stdout]    --> /opt/rustwide/cargo-home/registry/src/index.crates.io-6f17d22bba15001f/gluon-salsa-0.15.2/src/lib.rs:703:9
[INFO] [stdout]     |
[INFO] [stdout] 703 |         &mut self,
[INFO] [stdout]     |         ^^^^^^^^^
[INFO] [stdout]     |
[INFO] [stdout] note: the pointer is valid for the anonymous lifetime defined here
[INFO] [stdout]    --> /opt/rustwide/cargo-home/registry/src/index.crates.io-6f17d22bba15001f/gluon-salsa-0.15.2/src/lib.rs:703:9
[INFO] [stdout]     |
[INFO] [stdout] 703 |         &mut self,
[INFO] [stdout]     |         ^^^^^^^^^
[INFO] [stdout] note: but the referenced data is only valid for the lifetime `'me` as defined here
[INFO] [stdout]    --> /opt/rustwide/cargo-home/registry/src/index.crates.io-6f17d22bba15001f/gluon-salsa-0.15.2/src/lib.rs:684:6
[INFO] [stdout]     |
[INFO] [stdout] 684 | impl<'me, Q> QueryTable<'me, Q, <Q as QueryDb<'me>>::Db>
[INFO] [stdout]     |      ^^^
[INFO] [stdout] 
[INFO] [stdout] 
[INFO] [stdout] error[E0491]: in type `&QueryTable<'me, Q, <Q as AsyncQueryFunction<'_, 'me>>::SendDb>`, reference has a longer lifetime than the data it references
[INFO] [stdout]    --> /opt/rustwide/cargo-home/registry/src/index.crates.io-6f17d22bba15001f/gluon-salsa-0.15.2/src/lib.rs:714:18
[INFO] [stdout]     |
[INFO] [stdout] 714 |     pub fn purge(&self)
[INFO] [stdout]     |                  ^^^^^
[INFO] [stdout]     |
[INFO] [stdout] note: the pointer is valid for the anonymous lifetime defined here
[INFO] [stdout]    --> /opt/rustwide/cargo-home/registry/src/index.crates.io-6f17d22bba15001f/gluon-salsa-0.15.2/src/lib.rs:714:18
[INFO] [stdout]     |
[INFO] [stdout] 714 |     pub fn purge(&self)
[INFO] [stdout]     |                  ^^^^^
[INFO] [stdout] note: but the referenced data is only valid for the lifetime `'me` as defined here
[INFO] [stdout]    --> /opt/rustwide/cargo-home/registry/src/index.crates.io-6f17d22bba15001f/gluon-salsa-0.15.2/src/lib.rs:684:6
[INFO] [stdout]     |
[INFO] [stdout] 684 | impl<'me, Q> QueryTable<'me, Q, <Q as QueryDb<'me>>::Db>
[INFO] [stdout]     |      ^^^
[INFO] [stdout] 
[INFO] [stdout] 
[INFO] [stdout] error: aborting due to 3 previous errors
[INFO] [stdout] 
[INFO] [stdout] 
[INFO] [stdout] For more information about this error, try `rustc --explain E0491`.
[INFO] [stdout] 
[INFO] [stderr] error: could not compile `gluon-salsa` (lib) due to 4 previous errors
[INFO] [stderr] warning: build failed, waiting for other jobs to finish...
[INFO] running `Command { std: "docker" "inspect" "8cc84b8765903618db6becf32aeb8d0bfa2bc15365fa1f409e2a0234aac84065", kill_on_drop: false }`
[INFO] running `Command { std: "docker" "rm" "-f" "8cc84b8765903618db6becf32aeb8d0bfa2bc15365fa1f409e2a0234aac84065", kill_on_drop: false }`
[INFO] [stdout] 8cc84b8765903618db6becf32aeb8d0bfa2bc15365fa1f409e2a0234aac84065
